(3 + 6 - -7 - 33)?
16
What is the value of 394 + -354 - (0 - -7)?
33
What is -31 + 4 - (-45 - -28) - -10?
0
Calculate -4 - (9 - 7) - (0 - (3 + -3)).
-6
What is the value of -38 + (31 - 9) - -2?
-14
Calculate (3 + -11 + 2 - (5 - 8)) + 9.
6
Calculate 26 - 17 - 34 - -5.
-20
What is the value of (-6 - (-5 - -6)) + (-165 - -139)?
-33
What is 17 + -6 + (5 - 1 - -8) + -30?
-7
Evaluate -9 - ((16 - 7) + -19) - (6 + 2).
-7
What is 0 + 9 + -17 + 14?
6
Calculate (-8 + 10 - (-58 - -49)) + 4.
15
What is 2 + -2 + -17 - (-1 + -6)?
-10
Calculate 8 + 2 + -5 + 5 + 18 + -15.
13
15 + -9 + -5 - -4 - (-2 - -1)
6
What is 14 + (-4 + -12 - -3 - -1)?
2
Evaluate 3 + (3 - 2 - (11 - 4)).
-3
-37 - (32 - (-25 - -106))
12
What is the value of -10 - -1 - (12 + -1 - (8 + -2))?
-14
What is the value of 28 + -5 + 10 - 16?
17
What is 9 + -9 + -1 + -1 + (-25 - -32)?
5
Calculate (8 - (16 - 16)) + -14.
-6
Calculate (10 - 22) + (18 + -5 - 5 - 5).
-9
What is the value of (-15 + 25 - 21) + 22?
11
Calculate -10 - (-4 + (-5 - (-6 - 7)) + 3).
-17
Evaluate -9 - -7 - (12 - 9).
-5
Evaluate (6 + -4 + 2 - (679 - 654)) + 8.
-13
Evaluate -21 - (-25 - 32) - 11.
25
What is the value of (-2 - (-3 - (12 - 6 - 6))) + -2?
-1
What is (42 - 34) + (1 - 2)?
7
Evaluate 13 + (-5 + 6 - (16 + -5)).
3
4 - (-5 + 6 + -3 + 2)
4
What is (11 - (13 + -14)) + -12?
0
Calculate (-11 - (6 + -15)) + -13.
-15
22 - (-7 - -22) - (-17 - (0 + -2))
22
Evaluate 1 - -2 - (4 - 1 - (0 + -2)).
-2
27 - (-17 - (-10 - 48))
-14
-6 - -6 - -1 - (6 - -4)
-9
Calculate (-2 + 1 - -4) + (49 + -30 - 20).
2
18 - (-16 + 0 + 45)
-11
Calculate -17 - (15 - (21 - 0)).
-11
What is -22 - (25 - 18 - (1 + -3 + 7))?
-24
Calculate 6 - ((3 - (8 - 1)) + 0).
10
0 - ((88 - 73) + (2 - 44))
27
What is the value of 9 - (1 + 2 + (4 - 8))?
10
Evaluate -12 + (21 - 55 - -15).
-31
Calculate 21 - (3 + 19 - 1).
0
What is -12 - (-23 + -8) - 27?
-8
Evaluate 20 - (-3 + -2 - (-11 + -4)).
10
Evaluate -4 - (10 + 1 + -4 + -3 + -1).
-7
What is the value of (8 - (16 + -3)) + 1 + 3?
-1
What is 27 + (-65 - (-27 - -2))?
-13
Calculate 9 + (28 - 107) + 48.
-22
What is the value of (3 - -11) + -13 + 9?
10
What is the value of -31 - -1 - (-846 - -793)?
23
What is the value of (-2 - (-1 + (-1 - (-3 - -2)))) + 8?
7
What is the value of 3 + (5 - (9 - 18))?
17
What is the value of (-13 - (-9 + 3 + -4)) + (12 - -1)?
10
Calculate -10 + 41 + -21 + 23 + -7.
26
-6 + 2 + 5 + -2 - (2 + -8)
5
What is the value of 2 + (6 - (82 + -67 + (-1 - 4)))?
-2
What is (12 - (4 - 7)) + -19?
-4
(0 - 9) + 5 - 3 - -6
-1
-21 + -2 - (-37 + 32) - -1
-17
Calculate (8 + -8 - -6) + -6 + 9.
9
Evaluate 12 + -1 + (807 - 834).
-16
5 + (8 + (1 + -6 - -1) - -2)
11
What is the value of 20 + (-23 - (24 + -22))?
-5
Calculate 13 + (23 - 7) - (12 + 0).
17
Calculate -21 + (7 - (11 + -28)).
3
Evaluate 42 - (7 + (-11 - -33)).
13
Calculate 16 - (-14 - (4 - 17)).
17
-2 + 15 + -13 - 14
-14
Calculate 13 - (3 - (0 + -6 + 11)).
15
Calculate 7 + -16 + 10 + 2 + -8 - 26.
-31
What is the value of (-13 + 30 - 3) + -12?
2
-4 + (-2 - 5) + 9
-2
Calculate -11 + 26 + -16 + 0 + -1 + 7.
5
What is 3 + 9 + -1 + -2 + -28?
-19
Evaluate -847 + 848 - (8 + -1 + (-1 - 0)).
-5
Evaluate -46 + 32 - -8 - ((0 - -1) + -30).
23
Evaluate (-185 - -144) + (32 - 0).
-9
Evaluate 1 - -10 - (16 - -6).
-11
What is 2 - 8 - 1 - ((-9 - -2) + 4)?
-4
Evaluate 8 + (35 - 24 - 19).
0
5 + 0 + (-3 - -7) - 6
3
Evaluate 6 - 1 - (47 - 39) - -21.
18
What is the value of 2 + 21 + (590 - 630)?
-17
Calculate 6 - 3 - (10 + (3 - 1)).
-9
Calculate 13 + -8 + 33 - 5.
33
Calculate 14 - (1 - (6 - (8 + 0 + 0))).
11
What is 51 - 52 - (-1 + -6)?
6
What is the value of -12 + 9 + -12 + (-2 - -4)?
-13
What is the value of -7 + (-3 - 0 - 4) + -5 - -4?
-15
What is the value of 13 + -4 - ((-11 - -15) + -8)?
13
(1 - -6 - (10 - 9)) + -1 + 0
5
Calculate -27 + 5 - (33 - 37).
-18
What is the value of -1 + -4 - (-51 - -25 - -34)?
-13
(6 - 8) + 8 + -41 + 18
-17
Evaluate 10 + (10 - 5) - 24.
-9
What is 4 + -11 + (11 - (5 - 4)) + -3?
0
Evaluate -18 - (0 - (34 + -1)).
15
What is 0 - (-9 - (-40 - (-7 + (-8 - -11))))?
-27
What is the value of (-2 - (2 - 6)) + 4 + 7?
13
23 + (-46 - -15) + (49 + -1 - 3)
37
Calculate -7 + (-13 - 0 - -21).
1
What is the value of -1 + 19 + -3 + -7 + -21?
-13
What is 1 + 0 + -3 + (-3809 - -3827)?
16
What is the value of -35 + (-41 + 13 - -40 - (9 + -1))?
-31
-3 + -18 - (4 + 1) - (-6 + 0)
-20
Calculate 19 - (-55 - -66 - (-2 + 2)).
8
Evaluate -1 + -1 - (-9 - -9 - 6).
4
What is the value of 33 + (5 - 29) - (1 + -3)?
11
-13 - (-12 + 4 + 6)
-11
What is -3 - (-8 + (5 - 0) - -1) - 5?
-6
What is the value of (2 - (10 + -2)) + -8 + 12 + 16?
14
What is (-5 - (-14 - (4 + -12))) + -15?
-14
Calculate 36 - (-19 - (-44 - -6)).
17
What is 0 + -19 + (11 - 11 - -8)?
-11
What is the value of (5 + 9 - 0) + -103 + 76?
-13
(-1 - 13) + (238 - 231) - 18
-25
Evaluate 67 + -60 + -23 + -2.
-18
What is -3 - ((-14 - (1 - -2)) + 1)?
13
What is the value of -10 - ((12 - (10 + 14)) + 16)?
-14
What is the value of 28 - (-8 + (0 - -14 - (-35 + 46)))?
33
11 + (14 + -11 - (36 + -4))
-18
Calculate -26 + 18 + -5 + 12.
-1
What is the value of -8 + (-9 + 2 + -2 - 6) + 9?
-14
What is (16 - 24) + (0 - -11)?
3
Calculate 7 + -9 + 1 - 3 - -5.
1
-54 - -48 - (4 + -1 + -11)
2
Evaluate (-60 + 31 - -37) + 12.
20
Calculate -6 - -6 - (-6 - -19 - (4 + -4)).
-13
36 - (15 + 14 + 5)
2
Calculate (7 - (6 - (21 + -8))) + -16.
-2
What is -24 - -45 - (6 - (-6 - -13))?
22
What is (2 - (5 + -16)) + 5 - (7 + -8)?
19
Calculate 20 + (-14 - (0 + 19)).
-13
Evaluate (-12 - -45) + -14 + -15.
4
What is (-78 - -60) + (3 - -2)?
-13
Calculate -3 + 11 - ((-8 - (-16 + 1)) + -20).
21
What is 0 + -17 + (8 - (19 + -23))?
-5
-6 + (-9 - (-8 + -10) - (-7 + -4))
14
Calculate -9 - (-12 + 0) - 9 - 4.
-10
Calculate (-1 - 4 - -14) + -9 + -14.
-14
Evaluate -39 + (47 - 16) - -17.
9
What is 35 - (30 + (-18 - 13))?
36
What is the value of (12 - 15) + (-9 - -15) + (2 - -1)?
6
6 + 4 - 3 - (4 + -1 - -4)
0
What is the value of 11 + -1 - ((24 - 3) + 11)?
-22
What is -236 + 266 - (10 - -2)?
18
Calculate (-13 - (0 - -1)) + -2 - -53.
37
Calculate 19 - (35 + 14 + -8).
-22
What is the value of 11 - (26 + -29 + (2 - 7))?
19
What is the value of 12 - (-59 + 70 - (2 - 0))?
3
What is 12 + 7 + 0 - (116 + -82)?
-15
What is the value of (-2 - (-4 - 12)) + 10?
24
Evaluate -13 - (-34 - -44 - 31).
8
Calculate -43 + 43 - (-2 - (1 - 3) - 5).
5
Calculate -20 + 15 + 0 - (-1 - -2 - 0).
-6
Evaluate (-2 - -3) + 3 + (-24 - -6).
-14
Calculate -5 + (22 - (22 + 25)).
-30
What is (-24 - -17) + 6 + 6 + (2 - 0)?
7
Evaluate -2 - (-5 - 2 - (22 + -25) - -1).
1
What is the value of 8 - 19 - 5 - (-4 + 1)?
-13
(-15 - 1) + -2 - (157 + -161)
-14
14 + -16 + -6 + -4
-12
What is the value of 2 - (-12 + -2) - (3 + -15 + 15)?
13
Evaluate 12 - ((-4 - 7 - -22) + -1).
2
What is -14 + (-7 - -30) + 10?
19
Calculate -8 - (-14 - (5 - 6 - 2)) - -5.
8
Calculate ((97 - 107) + -1 + 1 - -19) + -21.
-12
Evaluate 11 - ((-9 - -2) + 13 + -3).
8
What is the value of 4 - (-2 - (0 + 4))?
10
Evaluate (-12 - (6 - 10)) + 12.
4
-8 + 9 - (-12 + 11) - (1 + 0)
1
What is -9 + 8 + -3 + -3 + -11?
-18
1 + (3 - -1 - (-21 + (24 - 7)))
9
What is -13 - (-25 + 16) - (-1 - (37 - 4))?
30
Evaluate (3 - 2) + 5 + (0 - 1).
5
What is the value of (0 + -1 - 13) + (-3153 - -3200)?
33
(-11 - (-7 + 1)) + (13 - 13)
-5
-6 + 3 + (4 - -2)
3
Evaluate 2 + 10 + -7 + -3 + 6 + 2.
10
What is (6 - -3) + 8 + -3 + -16?
-2
Evaluate -5 - (1 + 6) - (13 - 14).
-11
What is -34 - (0 - (11 + 7))?
-16
What is the value of 28 + (-7 - -5) - ((-14 - -3) + 21)?
16
Evaluate 22 - ((-37 - -17) + 33).
9
Calculate 10 - (17 + -15 + (-24 - -4)) - 6.
22
181 + -171 - (17 + -1)
-6
Calculate -1 - 5 - (1 - (-18 - -28)).
3
What is the value of 6 + (8 - 20) - (0 - -1)?
-7
What is -6 + 17 + -9 + 3 + -8 + 6?
3
Evaluate -47 + (33 - 32 - -44).
-2
Calculate 3 - (-25 + 49 + -2 + -1).
-18
Calculate (16 - -3 - 14) + 2 + -1 + 0.
6
Evaluate -28 + (-8 - -20) + 0 + -1.
-17
(18 - (53 + 17)) + 27
-25
Calculate -6 + (40 + -44 - (-2 + -8)).
0
Calculate -4 + 3 + -3 + 14 + -5 + -17.
-12
33 + -35 - 5 - (-1 - (1 - 2))
-7
Calculate -1 + -15 + 7 + 1 - -20.
12
What is the value of 37 + (3 - (-30 + 42))?
28
13 + -4 - (-178 - -176)
11
What is the value of 6 + (10 - (0 + 1 + (-2 - -27)))?
-10
What is (-1 - 1) + (3 - -1) - (-227 -